. Calculate the remainder when o is divided by 21.
18
Let a(n) = -n**3 + 8*n**2 + n + 9. What is the remainder when a(7) is divided by 17?
14
Suppose 7*l - 15 = 2*l. Suppose -k + 2*f = -l, 0 = -k + 3*f + 1 + 1. Suppose -7*j + 10 = -k*j. What is the remainder when 13 is divided by j?
3
Let z(b) = b**2 - 3*b + 1. Let j be z(4). Let q = -3 + j. What is the remainder when 6 is divided by q?
0
Let d be 1/(-1*1/19). Let h be (-3)/(-12) - d/4. Suppose -26 = -h*z + 54. What is the remainder when 30 is divided by z?
14
Let l(a) = -3*a + 1. Let z be l(-5). Let n = 19 + z. What is the remainder when n is divided by (-4)/10 + (-184)/(-10)?
17
Let d(a) = -a**3 - a**2 + 8. Suppose 0*h + 2*h = 4. Suppose -h*y - 2*f - 19 = -3*y, 2*y - 28 = -f. Calculate the remainder when y is divided by d(0).
7
Let t = 20 - -17. What is the remainder when 146 is divided by t?
35
Let j(o) = 12*o**2 + 4*o + 2. Let y(u) = -u**2 - u - 1. Let x(l) = j(l) + 3*y(l). Suppose 6*p = 10*p - 136. What is the remainder when p is divided by x(1)?
7
Let q be (-55 + 4 - 3)/(-2). Suppose -2*s = 5 - q. What is the remainder when 32 is divided by s?
10
Let f(u) = 5*u. Let n be f(1). Suppose -3*l + 85 = 2*c + 17, 0 = -4*l + n*c + 60. Calculate the remainder when l is divided by 11.
9
Suppose z = 4*v - 16 - 4, -5*z = 0. Suppose 3*b = 4*b. Suppose b*l - 4*l - 78 = -5*u, -u - 5*l = -33. Calculate the remainder when u is divided by v.
3
Let d = 12 + -13. What is the remainder when 7 is divided by d/(((-7)/4)/7)?
3
Let w(x) = -x**3 + 4*x**2 - 3*x - 2. Let j be w(-4). Let t = j + -83. What is the remainder when t is divided by 14?
13
Let b be (2 + -1)*10*4. Let o = -9 + b. Calculate the remainder when o is divided by 16.
15
Let j(u) = 3*u + 4. Let w be j(-4). Let v = -4 - w. Let d(c) = -c**2 + c + 3. What is the remainder when v is divided by d(0)?
1
Let d(v) be the second derivative of v**4/6 + 5*v**3/3 + v**2 + v. What is the remainder when d(-7) is divided by 9/6 + (-58)/(-4)?
14
Let u(o) = o**2 - 9*o + 8. Let z be u(7). Let b = 37 - z. Calculate the remainder when b is divided by 15.
13
Suppose 4*i - 13 = -3*v, -24 = 3*v - 9. Suppose -i*k = -2*k - 60. Calculate the remainder when 22 is divided by k.
10
Suppose 2*n - 12*n = -180. What is the remainder when 107 is divided by n?
17
Let z = 1 + 33. Suppose 2*r - 78 = -r. Let l = r - 14. Calculate the remainder when z is divided by l.
10
Suppose 2*x - 7*x + 20 = 0. Suppose x*b + 9 = a - 5, 2*b - 28 = -2*a. What is the remainder when 25 is divided by a?
11
Let z(d) = -d**2 + 7*d + 6. Let h be z(7). Suppose 4*y + 2 + h = 0. Let n(w) = -3*w - 2. What is the remainder when 6 is divided by n(y)?
2
Suppose -4*w = 2 + 2. Let q = -15 + 26. Calculate the remainder when q is divided by 0/2 - (w - 5).
5
Calculate the remainder when 1 is divided by (8/(-20))/(5/(-50)*4).
0
Let u = 161 + -31. What is the remainder when u is divided by 33?
31
Let g = -2 - -5. Let c be ((-16)/(-10))/(g/15). What is the remainder when (-17)/((-2)/c*2) is divided by 12?
10
Let g(d) = d**3 + 2*d**2 - d + 1. Let m(q) = q**2 - 5*q + 4. Let j(p) = 6*p**3 - 2*p**2 + 1. Let r be j(1). What is the remainder when m(r) is divided by g(-2)?
1
Suppose 0*c + 9 = c + 4*x, -4*x = -c + 25. Calculate the remainder when 66 is divided by c.
15
Suppose -160 = -5*p - 0*p. What is the remainder when p is divided by 17?
15
Let a = -18 + 29. What is the remainder when a is divided by 4?
3
Let d be 4/(-10) - (-621)/15. Suppose 4*m + 3*b = 3 + d, 5*m - 5*b - 90 = 0. What is the remainder when 41 is divided by m?
13
Let t(z) = -z**2 - 9*z - 8. Let a be t(-8). Suppose -3*l = -3*j - 30, l + 2*j - 20 - 2 = a. Calculate the remainder when l is divided by 5.
4
Suppose j = 6*j - 195. Suppose 5*b - z - 281 = 0, 2*b = 4*z + 77 + j. Let y(a) = -a**3 + 3*a + 1. What is the remainder when b is divided by y(-3)?
18
Suppose 0 = -i + 1 + 8. Let l be (-8)/12*99/(-6). Let q = l - i. Calculate the remainder when q is divided by 1.
0
Suppose 0*c - 4*c = -60. Calculate the remainder when c is divided by 8.
7
Let t = -11 - -15. Suppose -t*d - 36 = -0*d + 2*b, -2*d - 5*b = 26. Let c = 40 + d. Calculate the remainder when c is divided by 17.
15
Let o = 16 - 16. What is the remainder when 51 is divided by 16 + (o - (-3 - -1))?
15
Let s = 18 + -9. Let w = 41 - s. Let f = w - 19. Calculate the remainder when 37 is divided by f.
11
Suppose 8 = -5*w + 38. Let o = 12 - 7. Calculate the remainder when w is divided by o.
1
Let z = -11 + 17. What is the remainder when z is divided by 4?
2
Let d be 1 + (-13)/(-3)*3. Suppose -5*m = -21 - d. Calculate the remainder when 11 is divided by m.
4
Let s = 39 + -25. What is the remainder when 27 is divided by s?
13
Let j(m) = -m**3 + 31. Let a be j(0). Suppose 3*s - a - 17 = 0. Calculate the remainder when 46 is divided by s.
14
Suppose 0 = -5*k + 6 + 224. Suppose 48 = -i + 4*i. Suppose -k = -2*z - i. What is the remainder when 44 is divided by z?
14
Let m(i) = i + 1. Let j(l) = 11*l + 10. Let b(h) = -j(h) + 4*m(h). Let u be b(-7). Calculate the remainder when (1 + u)/(6/3) is divided by 12.
10
Let v = -21 - -43. Calculate the remainder when 85 is divided by v.
19
Suppose -2*d + 0*d = 0. Suppose -4*h = 5*m - 94, 5*h = 5*m - d*h - 130. Calculate the remainder when 86 is divided by m.
20
Let m be 1 - (37/(-1) + 2). Suppose 5*h + w - 100 = 3*w, -4*h + 4*w = -68. Calculate the remainder when h is divided by (m/21)/((-2)/(-14)).
10
Let q be (-2 + 3/2)*-2. Let h = q - -1. Suppose -4*n + 3*r = -67, h*r - 4*r + 55 = 5*n. Calculate the remainder when 37 is divided by n.
11
Suppose -2*j = -j - 2. Let z = 0 + 2. What is the remainder when (-5)/10 - (-7)/z is divided by j?
1
Suppose 4*x + 5 = 4*z - 15, 4*z = 3*x + 23. Let g = -4 + z. Calculate the remainder when (0 - -2)/((-4)/(-22)) is divided by g.
3
Suppose 2*s = 5*s - g - 29, -3*g = s - 3. What is the remainder when (6/s - 1)*-141 is divided by 12?
11
Suppose -5*l + h + 14 = 0, h = -6*l + 4*l. Let d(k) = -2*k + 19. What is the remainder when d(8) is divided by l?
1
Suppose 4*g - 9 = 2*v + 15, -32 = -5*g + 3*v. Let u(d) = d**3 + 2*d**2 - 4*d - 1. What is the remainder when u(g) is divided by 16?
15
Let x = 11 + -6. Let h = 14 - x. Calculate the remainder when h is divided by 6.
3
Let x = 10 + -7. Suppose -3*d + 7 = -x*w - 5, 5*w - 10 = 0. Suppose -y = 2*j - 19, -9 + 0 = y - 5*j. Calculate the remainder when y is divided by d.
5
Suppose -3*s + 38 = 8. Calculate the remainder when 19 is divided by s.
9
Let p be ((-1)/(-2))/(19/(-342)). Let l = -1 - p. What is the remainder when 29 is divided by l?
5
Let k(q) = -25*q + 5. Let i(v) = v**2 + 3*v + 1. Let c be i(-4). Let d be k(c). What is the remainder when 38 is divided by 1/(-3) + d/(-9)?
12
Let k be 2/(-8) + 220/(-16). Let s = k - -36. Suppose -s = -3*d + 44. Calculate the remainder when d is divided by 12.
10
Suppose 5*p = 5*q - 4*q - 89, 0 = q - 4*p - 85. Calculate the remainder when q is divided by 24.
21
Suppose 0*p + 212 = 5*p - y, 74 = 2*p - 4*y. Let z(m) = 14*m**3 + m**2. What is the remainder when p is divided by z(1)?
13
Let f(r) be the second derivative of -r**5/20 + r**4/6 + 2*r**3/3 - r**2/2 - 8*r. What is the remainder when 4 is divided by f(3)?
0
Let v = 314 - 224. Suppose -6*w = -w - v. What is the remainder when 53 is divided by w?
17
Let f be -1 + 0 + 4/1. Suppose f*j - 2*j = 54. Suppose 2*n + 16 = a, -2*n - 8 = -5*a + 64. What is the remainder when j is divided by a?
12
Suppose -p - 48 = -5*p. Suppose 2*r - 95 = -25. Calculate the remainder when r is divided by p.
11
Suppose -8*g = -10*g + 8. Let z(d) = d**3 - 4*d**2 + 6*d - 3. Let q(m) = 4*m - 4. What is the remainder when z(g) is divided by q(4)?
9
Let q(n) = n**2 - 5*n + 39. Calculate the remainder when q(8) is divided by (44/(-10))/(1/(-5)).
19
Let u be ((-13)/3 - -3)*-3. Let f = -146 + 270. Suppose -4*c + u = -f. Calculate the remainder when c is divided by 11.
10
Let j(l) = l**3 - l**2 - l. Let w be j(2). Suppose 5*d + 24 = w*r, -4*r + 2*d = -2*r - 18. What is the remainder when r is divided by 5?
2
Let b(v) = -v**3 - 2*v**2 + 2*v - 6. Let m be b(4). Let z = m - -198. Let p = z - 64. What is the remainder when p is divided by 21?
19
Let u = -7 + 10. Suppose 0 = a + i - 27, u*i - 98 = -4*a + i. Calculate the remainder when a is divid